f 18019155 and 7392?
231
Calculate the highest common factor of 10872372 and 252.
84
Calculate the highest common divisor of 510 and 98378898.
102
What is the highest common divisor of 167400 and 826584?
744
Calculate the greatest common divisor of 3100832 and 8284.
436
Calculate the greatest common factor of 6794214 and 5810.
1162
What is the highest common factor of 1972065 and 13795?
155
Calculate the highest common factor of 292 and 225016.
4
Calculate the greatest common divisor of 807455 and 7579.
583
What is the highest common divisor of 391664 and 18798?
26
What is the highest common factor of 20271 and 8700?
87
Calculate the highest common factor of 3224 and 1089640.
8
Calculate the greatest common divisor of 12 and 192630696.
12
What is the greatest common factor of 130 and 56394040?
10
What is the greatest common divisor of 53314 and 7866?
874
What is the greatest common divisor of 1430 and 11789382?
22
What is the greatest common divisor of 28175 and 125?
25
What is the highest common divisor of 603513 and 657?
9
What is the greatest common factor of 19652 and 26299?
289
Calculate the highest common factor of 400 and 79905400.
200
Calculate the greatest common factor of 224 and 8545824.
224
What is the greatest common divisor of 18386739 and 477?
9
Calculate the greatest common factor of 87806 and 6106.
86
Calculate the highest common factor of 6344 and 2040389.
793
What is the greatest common divisor of 1533 and 14695849?
511
Calculate the highest common divisor of 1 and 8668763.
1
What is the greatest common divisor of 556765 and 341?
11
What is the greatest common divisor of 1263646548 and 27?
27
What is the highest common factor of 1706177 and 15587?
1199
Calculate the highest common factor of 6574303 and 81068.
1559
What is the highest common divisor of 658 and 549948?
14
Calculate the highest common divisor of 9009046 and 1590.
106
What is the greatest common factor of 109037128 and 12560?
1256
What is the highest common factor of 268791848 and 13?
13
What is the highest common divisor of 824 and 2056332?
4
What is the greatest common divisor of 3068 and 656021?
59
Calculate the greatest common divisor of 604 and 23771326.
302
What is the highest common divisor of 654270 and 772?
386
What is the highest common divisor of 2163810 and 192?
6
Calculate the greatest common factor of 625 and 163391875.
625
What is the highest common divisor of 13195 and 288405?
1885
Calculate the greatest common factor of 75626916 and 228.
228
Calculate the greatest common factor of 281033924 and 8.
4
Calculate the highest common factor of 363409 and 493.
17
What is the greatest common divisor of 22988 and 1674019?
821
Calculate the greatest common divisor of 949274770 and 2888.
722
What is the greatest common divisor of 11604 and 706296?
12
What is the highest common factor of 38142863 and 363?
11
Calculate the greatest common factor of 329063076 and 36.
36
What is the greatest common factor of 321636194 and 33?
11
What is the greatest common divisor of 286795 and 21115?
205
Calculate the greatest common divisor of 404640 and 15135.
15
Calculate the greatest common divisor of 3 and 2257511.
1
Calculate the greatest common factor of 924 and 536375004.
132
Calculate the greatest common factor of 44488 and 448864.
664
Calculate the greatest common divisor of 423 and 39330927.
9
What is the greatest common factor of 2298 and 185183564?
766
What is the highest common divisor of 274 and 163238514?
274
What is the greatest common divisor of 234937 and 4556205?
983
What is the greatest common divisor of 37619703 and 15?
3
What is the greatest common factor of 338436 and 9660420?
4284
What is the greatest common factor of 19046433 and 28?
7
Calculate the highest common factor of 1680030 and 1210.
110
Calculate the highest common divisor of 229112 and 793.
13
What is the highest common divisor of 1605 and 375393129?
321
What is the greatest common factor of 262 and 70081?
1
What is the greatest common divisor of 3735 and 106205140?
415
What is the greatest common factor of 50909551 and 1921?
113
Calculate the greatest common divisor of 1344 and 16681152.
192
Calculate the greatest common factor of 5020660 and 260.
20
What is the greatest common factor of 6144 and 53546880?
384
What is the greatest common factor of 401409779 and 6041?
863
Calculate the highest common divisor of 650706390 and 20.
10
What is the greatest common factor of 4128 and 68520672?
4128
What is the highest common factor of 72 and 290908575?
9
What is the greatest common factor of 122348287 and 43?
43
What is the greatest common divisor of 484616 and 14696?
88
Calculate the greatest common factor of 463215551 and 1203.
401
What is the greatest common factor of 774 and 293442?
6
What is the highest common divisor of 137053388 and 68?
68
Calculate the greatest common factor of 8400 and 70475.
25
Calculate the highest common factor of 225 and 32771340.
45
Calculate the greatest common factor of 455631704 and 1672.
1672
What is the highest common factor of 32319 and 627228?
1197
Calculate the highest common factor of 12 and 408279360.
12
Calculate the greatest common factor of 98270 and 156240.
310
What is the highest common divisor of 18 and 6204196?
2
Calculate the greatest common factor of 465 and 1549590.
15
Calculate the greatest common divisor of 3153375 and 561375.
1125
Calculate the greatest common divisor of 694735 and 5665.
515
What is the highest common factor of 1274 and 1833286?
1274
Calculate the highest common factor of 12118 and 345446.
166
Calculate the greatest common factor of 276 and 58196118.
138
What is the highest common divisor of 1894427 and 2446?
1223
What is the greatest common divisor of 395430 and 27630?
30
Calculate the highest common factor of 68057022 and 70776.
5898
What is the highest common divisor of 1167303 and 114?
57
What is the greatest common divisor of 28110680 and 1040?
520
Calculate the greatest common factor of 47446506 and 999.
999
What is the greatest common factor of 97800815 and 1953?
217
Calculate the greatest common factor of 2950 and 65136.
118
Calculate the greatest common divisor of 28 and 572872804.
28
What is the greatest common factor of 3983322 and 12?
6
What is the highest common divisor of 26708231 and 33?
11
Calculate the greatest common divisor of 51410 and 22366.
106
Calculate the highest common divisor of 339111766 and 1501.
79
Calculate the highest common factor of 147 and 172032.
21
What is the greatest common factor of 429 and 215223879?
39
What is the greatest common factor of 2640437 and 24?
1
Calculate the highest common divisor of 19296 and 37078336.
2144
Calculate the highest common divisor of 2157 and 20346981.
2157
Calculate the greatest common divisor of 24 and 12554010.
6
Calculate the greatest common factor of 781 and 284636.
11
What is the greatest common divisor of 12667 and 10344637?
239
What is the greatest common factor of 90 and 5549823?
9
Calculate the highest common divisor of 82809111 and 22.
11
Calculate the greatest common factor of 924 and 12377948.
44
What is the greatest common factor of 820808 and 7056862?
3478
Calculate the greatest common divisor of 610148 and 88.
44
Calculate the highest common divisor of 115 and 58902724.
23
What is the highest common divisor of 4677290 and 30?
10
What is the greatest common divisor of 7055 and 764347?
83
What is the greatest common factor of 3600 and 35465400?
1800
What is the greatest common factor of 145566 and 2466?
18
What is the highest common divisor of 1299800 and 6?
2
What is the highest common divisor of 6961884 and 2328?
1164
Calculate the highest common divisor of 8548 and 29693615.
2137
What is the greatest common divisor of 6419 and 12771976?
917
What is the greatest common factor of 2385 and 23328639?
477
What is the highest common divisor of 28 and 1587075?
7
Calculate the highest common divisor of 10105110 and 90.
90
What is the greatest common factor of 32972690 and 102?
34
Calculate the highest common divisor of 6596118 and 124.
62
Calculate the highest common factor of 366 and 408570.
6
What is the greatest common divisor of 22716 and 131281443?
5679
What is the highest common divisor of 9770 and 3472258?
1954
Calculate the highest commo